2 = -113. What is the tens digit of n?
5
Suppose 5*a + 32 = 4*j, 0 = -2*j + 3*a + 18. Suppose 0 = l - 5 - 23. Suppose -2*i = 3*r - l, j*r + 0*i = i + 22. What is the units digit of r?
8
Let k = 0 - -45. Let w = -11 + k. What is the tens digit of w?
3
Let o be 0/((1 - -1)*-1). Let m(w) be the first derivative of w**4/4 - w**2/2 + 5*w - 1. What is the units digit of m(o)?
5
Let g = -64 + 103. What is the tens digit of g?
3
Suppose u = -2*u - 108. What is the units digit of (u/10)/((-1)/5)?
8
Let c be (-38)/5 - (-4)/(-10). What is the units digit of (c/(-12))/(2/3)?
1
Let y = 2 + -4. Let l be y/(-6)*(-6 + 3). What is the units digit of 10/(3 - (0 - l))?
5
Suppose 0 = -4*t + 5*t - 33. Let v = -15 + t. Let a = 26 - v. What is the units digit of a?
8
What is the units digit of (-25)/((-4)/4 + 0)?
5
Let d(b) = -2*b**3 - 3*b**2 - 5*b + 3. What is the hundreds digit of d(-4)?
1
Suppose 2*r - 288 = 4*b, r - b = 3*b + 144. Let g = -84 + r. Suppose s - 6*s = -g. What is the units digit of s?
2
Suppose -5*n + 439 = s, 102 = -5*n + s + 533. What is the units digit of n?
7
Suppose -5*m + 183 = -2*m. What is the tens digit of m?
6
Suppose 3*k - k + 6 = 0. What is the units digit of ((-72)/(-16))/(k/(-4))?
6
Suppose -3*n + 217 = 25. What is the tens digit of n?
6
Suppose 4*f = -0 - 12. Let p = 23 + -14. Let g = p + f. What is the units digit of g?
6
Suppose -5*h + 0*h + 35 = 0. Let u(n) = -n**3 + 8*n**2 - 3*n - 8. What is the units digit of u(h)?
0
Let i(h) = h**3 - 5*h**2 + 5*h + 7. What is the units digit of i(5)?
2
Suppose -2*b + 3*i + 4 + 2 = 0, 2*i = -4*b + 12. Suppose -42 = -b*q - 0*q. What is the tens digit of q?
1
Let a = -57 - -117. Let z = -43 + a. What is the tens digit of z?
1
Let j = 3 - -2. Suppose 3 = -0*c - c - 3*u, -j*u + 9 = 4*c. Suppose 0 = -c*z + 2*z + 12. What is the units digit of z?
3
Let s(y) = y**3 + 71. What is the units digit of s(0)?
1
Let w(m) = 6*m**3 - m + 1. Let h be w(1). Suppose y - 48 = 4*t - 21, 0 = 2*y + 4*t + h. What is the units digit of y?
7
Let i(r) = -r + 8. Let k be i(5). Suppose k*g - 100 = -g. What is the units digit of g?
5
Let w(a) = -a**3 + a**2 - 2*a - 3. Let x be w(-4). Let g = x - 26. Suppose -5*o = 14 - g. What is the units digit of o?
9
Let u(b) = b**2 - 4*b - 6. Let x be u(5). Let w be (1 - -3) + (-3 - x). Let h = w - -2. What is the units digit of h?
4
Suppose 25*t = 29*t - 960. What is the tens digit of t?
4
Let y(d) = d**2 - d. Let p be y(0). Suppose -13 = -5*g - 2*w, -g - 4*g + 5*w + 20 = p. Let t = 19 - g. What is the tens digit of t?
1
What is the tens digit of -3*(16/(-4) - 65)?
0
Let c = 6 + -25. What is the tens digit of (c + -2)*2/(-3)?
1
Suppose -34 = 4*t - 0*t - 2*m, -t - 13 = -2*m. Let q = -4 - t. What is the units digit of q?
3
Let r(n) = -8*n + 1. Let c(z) = 23*z - 4. Let k(l) = 3*c(l) + 8*r(l). What is the units digit of k(2)?
6
Let j = 89 + -49. What is the units digit of j?
0
Suppose -7*w + 858 + 402 = 0. What is the tens digit of w?
8
Suppose -3*t + d + 10 = 2*d, 2*d = -t + 10. Suppose 3*a = t*x - 22, 3*a + 1 - 14 = -5*x. What is the units digit of x?
5
Suppose 504 = -3*i + 9*i. What is the units digit of i?
4
Suppose -16 = -2*s + 2*p, 5*s + 0*p - p - 40 = 0. Let w = 1 - 7. Let k = s + w. What is the units digit of k?
2
Let x(m) = 6*m**2 - 9*m**2 - 5 + 2*m + 6 + 17*m**2. What is the units digit of x(-1)?
3
Let c be -1 + 56 + 3/1. What is the tens digit of c*(-2)/12*-3?
2
Let k(p) = p**2 + 22*p + 53. What is the units digit of k(-22)?
3
Suppose 3*m = -4*v + 56, -3*m = -m + v - 44. What is the units digit of m?
4
Suppose -2*i = 3 - 1. Let k be 4 + (-2 - (i - 0)). Suppose 0 = -w + 1, -3*f = -4*f + 5*w - k. What is the units digit of f?
2
Let x(g) = 2 + g**3 + 2 - 3. Let w be x(1). Suppose -28 + 6 = -w*p. What is the tens digit of p?
1
Let k = 8 - 4. Suppose k*z - 39 = -15. What is the units digit of z?
6
Let h(i) = -35*i - 3. What is the hundreds digit of h(-4)?
1
Suppose -6*v + 2*v = 8. What is the tens digit of v/8 + 242/8?
3
Let o(b) = 6*b - 8. Let s be o(6). Suppose -5*g + s = -g. What is the units digit of g?
7
Let m be 1/((4/(-8))/(-1)). Let f = 15 - m. What is the units digit of f?
3
Suppose -2 = -t, 2*t + 0*t = -2*z + 12. Suppose -43 = -4*p + z*u - 107, -2*u = -8. What is the units digit of 8/p - 5/(-3)?
1
Let b = 11 + -8. Suppose b = 4*c - 1. What is the units digit of 2 + 4 + c + 1?
8
Let n = 504 + -303. What is the units digit of n?
1
Suppose 27*a - 22*a - 695 = 0. What is the units digit of a?
9
Suppose 3*p + 0*p = 78. Suppose -t - p = -3*t. What is the units digit of t?
3
Let c(h) = h + 2. Let u be c(4). Let x(k) = k**2 - k - 6. What is the tens digit of x(u)?
2
Let u(h) = -h**3 + 4. Let y be u(0). Let p = -6 + y. Let j(g) = -3*g - 1. What is the units digit of j(p)?
5
Let w = 226 + -132. Suppose -6*f = -8*f + w. What is the units digit of f?
7
Suppose -14 = 10*z - 8*z. What is the tens digit of (-744)/(-56) - (-2)/z?
1
Suppose 7*g = 2*g - 40. Let k(r) = 5*r + 3. Let q(x) = 4*x + 4. Let m(o) = g*k(o) + 6*q(o). What is the tens digit of m(-1)?
1
Suppose -5*c + 4 = 3*x - 30, -2*x = -3*c + 9. Suppose -43 = -2*v + 17. Suppose 2*a = c*j + v, 3*a + 4*j + 1 = -0*a. What is the units digit of a?
5
Suppose 7*s - 2*s - 3*m = -2, -2*m = -4*s. Suppose 6*q - s*q = 172. What is the units digit of q?
3
Let j be 1/((-2)/(-4)) + -8. Let q(z) = z**3 + 7*z**2 + 4*z + 5. What is the units digit of q(j)?
7
Suppose 2*g - 2*n = g + 10, -3*g + n = -20. What is the units digit of g?
6
Let d = 13 + -12. What is the units digit of (-1 - d) + 3 + 19?
0
Let c be (3/6)/(2/20). Suppose 2*o + 4*h = c*h + 90, -h = -o + 47. What is the tens digit of o?
4
Let i = 4 + -1. Suppose 9 = i*v - 99. Suppose -3*q = q - v. What is the units digit of q?
9
Let l(t) = -2*t**2 + 2*t + 0 - 3 + 3*t**2 - t. What is the tens digit of l(-5)?
1
Suppose -5*a + 17 = -3. Suppose -2*x = -2*k + 18, -3*k - 2*x = -a*k + 14. Suppose -5*c = -f - 30, -5*f = -k*c - 0*c + 3. What is the units digit of c?
7
Let w be ((-4)/10)/((-1)/5). Suppose 4 = w*r + 2*r. What is the units digit of 1/((-8)/(-7) - r)?
7
Let w = 19 + -21. Let f be 3*(-4)/(-6)*-2. Let c = w - f. What is the units digit of c?
2
Suppose -4*i + 13 = -4*z - 3, -i - z = -2. Suppose 2*d - g = -d + 58, -2*d = i*g - 24. What is the units digit of d?
8
Suppose -4*v - 3*t + 19 = 0, -20 = 3*v - 8*v - 3*t. Let c(o) = 20*o - 1. What is the units digit of c(v)?
9
Let l(f) = -f - 2. Let o be l(2). Let m be -2 - (-3 - o) - -3. What is the tens digit of 17 - (-3)/(-9)*m?
1
Suppose 20*j - 2544 = -4*j. What is the tens digit of j?
0
Let m(j) = 3*j**2 + 1 - 4*j**2 - 4 + 4*j. Let l be m(2). What is the tens digit of (-12)/(0 - (l - 0))?
1
Let z = 37 - 19. What is the tens digit of z?
1
Let w = -11 - -20. Suppose -2*n + 5 = -w. What is the units digit of n?
7
Let w be -2*(-51)/(-6) - 0. Let z = 31 + w. What is the units digit of z?
4
Let d = 63 - 23. What is the units digit of d?
0
Suppose a + 16 = 4*y - 40, -2*y + 2*a + 34 = 0. Suppose -2*u + y + 23 = 0. Let z = u + -9. What is the units digit of z?
9
Let i be 2/4*(-1 - -5). Suppose 5*p = -i*o + 135, 4*o + 4 = 5*p - 131. Let n = p - 19. What is the units digit of n?
8
Let c(f) = -2*f + 3. Suppose -x - 15 = x + 3*r, -x - 3*r = 12. What is the units digit of c(x)?
9
Let f(y) = -2*y**3 + 0*y + 31 - y + 2*y**3 + y**3. Let j be f(0). Let q = j + -21. What is the tens digit of q?
1
Let s(b) be the second derivative of b**6/360 + b**5/20 - b**4/24 + b**3/6 + 2*b. Let g(z) be the second derivative of s(z). What is the units digit of g(-7)?
6
Let l = -10 - -5. Let h(j) = -j**2 - 4*j + 9. What is the units digit of h(l)?
4
Let r(b) = -b**3 + 8*b**2 + 4*b + 10. Let h be r(7). Suppose 3*t - h = -5*d, 142 = 5*t - d - 31. What is the tens digit of t?
3
Let x = -20 - -55. What is the units digit of x?
5
Suppose 4*z - 13 = -5. Suppose z*b - 85 = -19. What is the tens digit of b?
3
Let d(j) = j**3 + 10*j**2 + 10*j + 12. Let m be d(-9). Suppose 1 = m*y - 2. What is the units digit of 21*(0 - y)/(-3)?
7
Let j = -2 + -5. Let u be -2 - -2 - (j - -3). Suppose t + 42 = f + 2*f, -25 = -f + u*t. What is the tens digit of f?
1
Let f(b) = 2*b**3 - b**2 - 7*b - 1. Let q be f(-6). What is the tens digit of q/(-28) + 1/(-4)?
1
Let g = 3 - 3. Let b = 5 - g. Suppose b*s = 22